r when 13 is divided by p/(-3)*2/x?
6
Let r = 21 - 14. Let s(x) = x**2 + 4*x + 2. Let u be s(-6). Suppose u = h + 1. What is the remainder when h is divided by r?
6
Let p = 10 - 6. What is the remainder when 27/6*(-8)/(-6) is divided by p?
2
What is the remainder when 38 is divided by 4/((-4)/(-100)*5)?
18
Let r = -25 + 4. Calculate the remainder when 36 is divided by 4*(-2)/4 - r.
17
Suppose 5 = -m, -9 = -4*b + 3*m + 90. Suppose -3*v + y = -39, 51 = 3*v - 2*y + 9. Calculate the remainder when b is divided by v.
9
Suppose -5*u + 17 + 18 = 0. Let s = 4 - 2. Let j = u + s. Calculate the remainder when 26 is divided by j.
8
Let f = 72 + -23. Let g = 33 - 20. What is the remainder when f is divided by g?
10
Let d = -45 - -70. Calculate the remainder when 99 is divided by d.
24
Suppose 5*d = -2*m + 1 - 41, 0 = 3*d + 2*m + 28. Let a = 14 + d. Suppose -3*v - f + 41 = -2*f, -v - 2*f = -16. Calculate the remainder when v is divided by a.
6
Let z(i) = -i**2 - 3*i + 8. Let m be z(-7). Let g = 29 + m. What is the remainder when 15 is divided by g?
6
Let w(n) = -4*n - 5. Let b be w(-2). Suppose -2*u - 9 = -b*u. Let y(a) = -2*a**3 - 2*a**2 + 3*a - 1. What is the remainder when y(-3) is divided by u?
8
Suppose 0 = 2*d - 4*h - 10, -3*h = 4*d - h. Let z = -11 - -16. Suppose b - 4*b - 22 = z*t, 3*b - 8 = t. Calculate the remainder when d is divided by b.
0
Let h(j) = -2*j - 10. Suppose 3*t - 22 = b, -b + 1 = -4*b - 4*t. What is the remainder when 5 is divided by h(b)?
1
Let s = -2 - 0. What is the remainder when 40 is divided by -4*2*-2 + s?
12
Let g(q) = 1 + 5*q**2 + q - 2*q + 11*q**2. Calculate the remainder when g(1) is divided by 6.
4
What is the remainder when 155 is divided by (-4)/16 + (-418)/(-8)?
51
Let s(v) = -v. Let w be s(0). Suppose -4*i + w*h = -2*h - 78, -4*i = 4*h - 48. What is the remainder when i is divided by 6?
5
Let n = 4 - 1. Suppose 0 = o - 3*j - 11, 3*j + 59 = n*o + 7*j. Calculate the remainder when -3*1 - (-2 + -33) is divided by o.
15
Let x(y) = -y**2 - 14*y + 16. What is the remainder when x(-8) is divided by 11?
9
Suppose o + 42 = 4*o. Suppose -5*l = 4*n - 37, -2*l - 10 = -4*l. What is the remainder when o is divided by ((-5)/3)/(-1)*n?
4
Let p = -4 + 6. Let h be (-3)/p*152/6. Let j = h - -55. What is the remainder when j is divided by 9?
8
Suppose 20 = 4*u - 2*u. Calculate the remainder when (-688)/(-18) - u/45 is divided by 13.
12
Suppose 0 = -3*x + 1 + 11. Let g be (24/16)/((-3)/(-14)). Suppose r + 0 = x*n - 1, -r + 2*n = -g. What is the remainder when 44 is divided by r?
14
Let s(l) = -3*l - 6. Let k be s(5). What is the remainder when (-6)/k + 108/14 is divided by 3?
2
Let f = -1 - -13. Suppose 5*k = -f + 57. What is the remainder when 15 is divided by k?
6
Let j = 9 - -46. Suppose 4*d + 2*i = -3*i + j, -5*i = -3*d + 15. Calculate the remainder when 28 is divided by d.
8
Let q(v) = v**2 - 11*v - 34. Calculate the remainder when 127 is divided by q(14).
7
Let y be ((-5)/(-15))/((-2)/6). Let s = y - -13. Suppose -d + 27 = -7. What is the remainder when d is divided by s?
10
Let u(n) = n**2 - 9*n + 17. Calculate the remainder when u(10) is divided by 7.
6
Suppose 2*a + 3 = -1. Suppose 4*j + v - 39 = 0, 7*j - 4*v = 3*j + 64. Calculate the remainder when 7/(a + 14/6) is divided by j.
10
Let l(f) = -f**2 - 2*f - 3. Let j be l(-2). Suppose p = 4*k + 2*p - 64, 2*k - 4*p = 50. Calculate the remainder when j/(3/100*-2) is divided by k.
16
Suppose 0 = -t - 1 - 1. Let g = 20 + t. What is the remainder when g is divided by 7?
4
Let f be (3 + 0)*68/(-6). Let g = -4 - f. What is the remainder when g is divided by 16?
14
Let h = -1 - -5. Let u(a) = -a**2 + 7*a. Let n(r) = -r**2 - 7*r. Let s be n(-6). Calculate the remainder when u(s) is divided by h.
2
Let o be (12/(-9))/((-2)/(-3)). Calculate the remainder when 16 is divided by ((-27)/6)/(1/o).
7
Let q(y) = y - 4. Let d be q(8). What is the remainder when d*17/2 - 1 is divided by 12?
9
Let z be (1/(-2))/((-2)/16). Suppose -4*v = -3*v - z. Calculate the remainder when 6 is divided by v.
2
Suppose -165 = -3*v - 42. What is the remainder when v is divided by (-16)/(2 + -3) - (-1 - -3)?
13
Let g(j) = 99*j**3 - j**2 - 2*j + 3. Calculate the remainder when g(1) is divided by 17.
14
Let d = -63 - -90. Let f be -1*(1 - 7)*-1. What is the remainder when d/6*(-8)/f is divided by 3?
0
Suppose -u + 5*z = -1, -z - z = -3*u + 29. Suppose -2*l = j - 20, -9 = -l - 5*j + 10. Let k = u + l. Calculate the remainder when 39 is divided by k.
19
Let c(j) = 5*j - 1 - 2*j**2 + 0 + 5 - j**3. Let y(w) = 5*w**3 + w**2 + 3*w - 3. Calculate the remainder when y(2) is divided by c(-4).
15
Let a(n) = -n**3 + 10*n**2 - 7*n - 13. Let d be a(9). What is the remainder when (d/10)/((-2)/(-20)) is divided by 3?
2
Let f = 2 - -63. Let v = 69 - 25. Suppose 0 = 2*j + 5*z - v, 2*j = z + 14 + 30. What is the remainder when f is divided by j?
21
Let m(w) = w**3 + 7*w - 5. Let f be m(4). Suppose -4*l + l = 3*z - f, -4*z + 115 = 3*l. What is the remainder when z is divided by 10?
8
Let l(y) = y**3 + 6*y**2 - 3*y - 5. Let x(z) = -z**3 - 7*z**2 - 13*z - 6. What is the remainder when l(-5) is divided by x(-5)?
8
Suppose -15 = 5*m - 2*r - r, 0 = -3*m - r - 9. What is the remainder when (-1)/m + (-96)/(-9) is divided by 6?
5
Suppose 55 = k + 3*c, -4*k + 3*c + 101 = -2*k. Let h = k + -27. Calculate the remainder when h is divided by 13.
12
Calculate the remainder when 75 is divided by 17 + 4*4/8.
18
Suppose 3*c - 57 = 9. What is the remainder when 63 is divided by c?
19
Let r = -5 - -13. Let u = 26 + -18. What is the remainder when ((-15)/4)/((-1)/u) is divided by r?
6
Suppose -h - 2*h + 5*f = -80, -3*f + 126 = 4*h. Suppose 2*p = 2*u + p - 11, 3*u + 2*p - 34 = 0. Calculate the remainder when (0 - -1)*(h - 0) is divided by u.
6
Let k = -2 + 7. Suppose -k*s - 3*a = -117, -4*a - 8 = -s - 3. What is the remainder when s is divided by 11?
10
Suppose 4*o - 44 - 368 = 0. Let p = o + -41. Calculate the remainder when p is divided by 16.
14
Let x = -20 + 38. Calculate the remainder when 66 is divided by x.
12
Suppose -4*n + 12 = -8. Suppose -5*h + 70 = -0*h. Suppose h = n*z - 6. What is the remainder when 10 is divided by z?
2
Let y(m) = m**2 - 3. Suppose 3*x = -5*l + 24, -3*x = -4*l + 2 + 1. Calculate the remainder when (3 - 1)*((-66)/4)/(-3) is divided by y(x).
5
What is the remainder when 13 is divided by 96/6*1/2?
5
Suppose -6*l + 6 = -3*l. Suppose x = -3*x + 8. Suppose 4*w - 5*z = 37, -3*w + 2*z = -7*w + x. What is the remainder when w is divided by l?
1
Suppose -9*j + 11*j = 40. Let u = 187 - 110. Calculate the remainder when u is divided by j.
17
Let k be (15/20)/(3/8). Calculate the remainder when 12 is divided by 8 - (-4)/(k*-2).
5
Suppose -4*g = -3*g + 3*q - 1, -4*q = 4. What is the remainder when g is divided by 1?
0
Suppose -2*h - 5*t + 49 = 0, 5*h = 2*t + t + 76. Calculate the remainder when h is divided by 10.
7
Let n = 62 - -11. Suppose -4*i = -27 - n. Suppose 4*u = 3*k + i, 0*u + 4*k + 16 = u. What is the remainder when 10 is divided by u?
2
Let k(q) = q**3 + 5*q**2 - 8*q - 1. Suppose 3*l - 2*t + 9 = 0, t = -2*l - 3*l - 2. Let g = l + 7. Calculate the remainder when k(-6) is divided by g.
5
Let f = -2 - 3. Let j = 12 + f. Let t(i) = -5*i + 4. Calculate the remainder when t(-3) is divided by j.
5
Let u = 4 + -4. Suppose -t - 3 + 26 = 2*h, 4*t - 3*h - 92 = u. What is the remainder when t is divided by 8?
7
Suppose 2*v - 18 = -j - 5, -32 = -5*j + v. What is the remainder when (-4)/(-14) - (-276)/14 is divided by j?
6
Suppose -3*p = -4*p + 1. Suppose -b + p + 4 = 0. Calculate the remainder when 13 is divided by b.
3
Suppose -2*j - 3 = -7. Suppose j*i - i - 59 = 0. Let b = -21 + 41. Calculate the remainder when i is divided by b.
19
Suppose -6 + 14 = h. Let f(u) = -8*u - 1. What is the remainder when f(-3) is divided by h?
7
Suppose 4*a + 2*r = -r + 17, -5*r - 20 = -3*a. Suppose 4*y - 17 - 2 = -3*f, -4*y + a*f = -11. What is the remainder when 9 is divided by y?
1
Let x(g) = -7*g - 14. Calculate the remainder when 37 is divided by x(-4).
9
Let i(h) = h - 1. Let u = 0 - -3. What is the remainder when i(u) is divided by 2?
0
Let c(u) = u**2 + u + 63. Let h = 26 + -66. Let l = h + 56. Calculate the remainder when c(0) is divided by l.
15
L